 11784473 a prime number?
True
Is 481545329 composite?
True
Is 40157113 composite?
False
Is 3525731 composite?
True
Is 558172361 a composite number?
False
Is 259495745 composite?
True
Is 1612727 composite?
False
Is 1847821 a prime number?
False
Is 6555377 composite?
False
Is 127993641 prime?
False
Is 2652671 a composite number?
True
Is 10276843 a composite number?
False
Is 9528821 composite?
True
Is 13637581 a composite number?
False
Is 2349161 a prime number?
True
Is 17624213 a prime number?
False
Is 95269741 a composite number?
True
Is 1096937 a composite number?
True
Is 17625077 composite?
False
Is 68306593 a composite number?
True
Is 284125967 composite?
True
Is 1679453 a composite number?
True
Is 51022247 a composite number?
False
Is 3279607 composite?
False
Is 15102002 a prime number?
False
Is 4852117 a composite number?
False
Is 29052203 composite?
True
Is 9675889 a composite number?
False
Is 1050038617 a prime number?
True
Is 77296367 a prime number?
False
Is 5573947 prime?
True
Is 24673573 a prime number?
True
Is 69141967 a composite number?
False
Is 61113269 a prime number?
False
Is 1763347 composite?
True
Is 22205303 composite?
False
Is 9734267 a prime number?
False
Is 402971207 a prime number?
True
Is 22573609 composite?
False
Is 11900341 a prime number?
False
Is 3515033 composite?
True
Is 795785 composite?
True
Is 17950687 composite?
True
Is 6926741 composite?
True
Is 2901919 a composite number?
False
Is 1676006 prime?
False
Is 1419569 composite?
True
Is 17286323 composite?
False
Is 3506023 a prime number?
True
Is 4493081 a composite number?
False
Is 53419633 a composite number?
False
Is 102904199 composite?
False
Is 5743867 prime?
False
Is 277230403 a prime number?
True
Is 311746873 a prime number?
True
Is 332026 a composite number?
True
Is 13703257 a prime number?
True
Is 18828637 a prime number?
True
Is 72522049 prime?
True
Is 131106721 a prime number?
True
Is 981391 composite?
False
Is 1351309 a prime number?
True
Is 135502949 a composite number?
False
Is 3706103 prime?
False
Is 9776905 composite?
True
Is 669199 a composite number?
True
Is 2728067 a prime number?
True
Is 8213951 prime?
True
Is 3195589 prime?
True
Is 3845653 a composite number?
True
Is 56991679 a prime number?
True
Is 2968445 prime?
False
Is 13862521 composite?
True
Is 1672241 a prime number?
False
Is 45466541 a composite number?
False
Is 23511343 composite?
False
Is 29963335 composite?
True
Is 2349263 a composite number?
True
Is 434092013 prime?
True
Is 1506077 composite?
False
Is 28500871 a composite number?
True
Is 4074661 a composite number?
True
Is 15752437 composite?
True
Is 715872247 a prime number?
True
Is 1540645 a composite number?
True
Is 42598949 a composite number?
False
Is 39329193 a prime number?
False
Is 37040221 prime?
False
Is 9112891 a composite number?
True
Is 2277719 composite?
True
Is 7300927 prime?
False
Is 1277753 a composite number?
False
Is 14258611 composite?
True
Is 14066149 composite?
False
Is 2412703 composite?
False
Is 56910607 a composite number?
True
Is 24589 a prime number?
False
Is 643559261 composite?
False
Is 17720533 a composite number?
False
Is 22749361 a prime number?
False
Is 3456721 composite?
False
Is 3508823 a prime number?
True
Is 94122179 a composite number?
False
Is 23123501 composite?
True
Is 4406669 a prime number?
False
Is 31345837 composite?
True
Is 6054355 prime?
False
Is 5611681 composite?
False
Is 2225747 prime?
True
Is 68977 a prime number?
False
Is 11687281 composite?
False
Is 671860483 composite?
True
Is 1088851 composite?
False
Is 16008649 a composite number?
False
Is 26959685 a composite number?
True
Is 139442827 a prime number?
True
Is 4839757 a composite number?
True
Is 680651 a composite number?
False
Is 19403939 composite?
False
Is 646571 a prime number?
True
Is 2407817 composite?
False
Is 115919 prime?
False
Is 15836789 prime?
False
Is 9241433 a prime number?
True
Is 2760083 composite?
True
Is 331739 a composite number?
False
Is 399269711 a prime number?
True
Is 198896813 a composite number?
False
Is 459725397 prime?
False
Is 37754659 a prime number?
True
Is 2799833 a prime number?
True
Is 60097307 a prime number?
False
Is 4962257 composite?
False
Is 18995315 a prime number?
False
Is 16518037 prime?
True
Is 2236601 prime?
False
Is 9341581 a prime number?
True
Is 2915714 composite?
True
Is 2214606433 a prime number?
False
Is 206193079 composite?
False
Is 22078843 a composite number?
False
Is 2058055 composite?
True
Is 349255645 a composite number?
True
Is 1136185367 a composite number?
False
Is 41136127 prime?
True
Is 119735977 a composite number?
True
Is 15568409 prime?
False
Is 1761259 a composite number?
True
Is 2098573 a prime number?
True
Is 550030097 a prime number?
True
Is 128074883 composite?
False
Is 119819809 prime?
True
Is 53374999 composite?
True
Is 344719 a composite number?
False
Is 49940453 composite?
True
Is 193416715 a prime number?
False
Is 89431 prime?
True
Is 7519297 a prime number?
True
Is 5196517 composite?
False
Is 994951 a prime number?
False
Is 5530939 a prime number?
True
Is 475029911 a prime number?
False
Is 1925342 composite?
True
Is 2860951 a composite number?
True
Is 53081569 a composite number?
True
Is 3327749 composite?
False
Is 249606173 a prime number?
False
Is 277249127 prime?
True
Is 25311269 prime?
True
Is 30337222 a prime number?
False
Is 326423543 a prime number?
True
Is 63407447 a prime number?
True
Is 216962123 composite?
True
Is 7110413 a prime number?
True
Is 1494981533 a prime number?
True
Is 36054049 prime?
True
Is 67189861 a composite number?
False
Is 63997 prime?
True
Is 257767 prime?
False
Is 708717083 prime?
True
Is 9124187 a composite number?
False
Is 12514433 composite?
True
Is 80569183 prime?
True
Is 39878171 prime?
True
Is 14438149 a composite number?
True
Is 3775723 composite?
True
Is 13190179 prime?
True
Is 35320303 a composite number?
False
Is 67063919 a prime number?
False
Is 59497157 prime?
True
Is 980017 prime?
False
Is 2979491 a prime number?
True
Is 206973029 a composite number?
True
Is 20984666 composite?
True
Is 5111177 prime?
True
Is 134052761 prime?
False
Is 77346771 prime?
False
Is 53777077 composite?
False
Is 2009209 composite?
False
Is 83243519 a composite number?
False
Is 20832982 composite?
True
Is 4054741 a prime number?
True
Is 3596221 prime?
False
Is 9723179 prime?
True
Is 509123 a composite number?
False
Is 2031319 composite?
False
Is 3974999 a composite number?
True
Is 62555183 composite?
True
Is 29355299 a prime number?
True
Is 442217701 a prime number?
False
Is 10256417 prime?
True
Is 3515203 a composite number?
False
Is 2423293 a composite number?
True
Is 94583089 composite?
False
Is 14705869 composite?
True
Is 942063 composite?
True
Is 2153462 composite?
True
Is 1884109 composite?
False
Is 10878382 prime?
False
Is 96937037 a composite number?
True
Is 113609737 a composite number?
False
Is 8579687 composite?
False
Is 9365641 a composite number?
True
Is 1719619667 prime?
True
Is 46652191 a composite number?
True
Is 12322565 a composite number?
True
Is 787193 a prime number?
False
Is 1026427 prime?
True
Is 195745697 a prime number?
False
Is 18802473 a composite number?
True
Is 1850339 prime?
False
Is 113345 composite?
True
Is 21939881 a composite number?
False
Is 967567 a prime number?
True
Is 542519797 a prime number?
True
Is 67088777 composite?
True
Is 11254286 a composite number?
True
Is 1486943 a composite number?
False
Is 6636523 prime?
True
Is 2145847 a composite number?
True
Is 10889887 prime?
False
Is 2909141 a composite number?
False
Is 73910401 composite?
True
Is 83848951 a prime number?
False
Is 28420411 prime?
True
Is 5439869 a composite number?
False
Is 3436081 a composite number?
True
Is 4260917 prime?
True
Is 175453381 prime?
False
Is 390530743 a prime number?
False
Is 256301 prime?
True
Is 45134087 a prime number?
False
Is 2488043 a prime number?
True
Is 5322301 composite?
False
Is 4105641 prime?
False
Is 19488083 a composite number?
True
Is 1283189 a prime number?
False
Is 625477 prime?
True
Is 10677937 a composite number?
False
Is 10747097 a composite number?
False
Is 11969363 a composite number?
True
Is 4657207 a prime number?
False
Is 521623 composite?
True
Is 96953 a composite number?
False
Is 96682